 20 a factor of 22225294?
False
Is 673524449 a multiple of 13?
True
Is 408838827 a multiple of 309?
True
Is 1815 a factor of 2697881340?
True
Is 710473788 a multiple of 102?
False
Does 55 divide 2567706?
False
Is 333867915 a multiple of 747?
True
Does 104 divide 24440157?
False
Is 612 a factor of 124051547?
False
Does 10 divide 540246196?
False
Is 93527348 a multiple of 25?
False
Does 2243 divide 182557770?
True
Is 202 a factor of 898898182?
True
Does 125 divide 1474972213?
False
Does 11 divide 49229088?
False
Is 259186223 a multiple of 3471?
False
Does 23 divide 777883?
True
Does 162 divide 215788740?
False
Does 102 divide 360817248?
True
Is 13 a factor of 45022457?
False
Does 37 divide 599451134?
True
Is 1167 a factor of 88424637?
False
Is 20 a factor of 22632760?
True
Does 5412 divide 799569386?
False
Does 25 divide 2257636623?
False
Does 403 divide 112784415?
False
Is 342 a factor of 35950877?
False
Does 1706 divide 1584045706?
False
Is 3145 a factor of 25571995?
True
Is 20 a factor of 339148360?
True
Does 9 divide 49819102?
False
Is 19 a factor of 5668401765?
True
Does 51 divide 1601315085?
True
Is 475517016 a multiple of 57?
False
Does 1037 divide 53617048?
True
Is 31 a factor of 210443686?
True
Is 521916828 a multiple of 1182?
True
Does 56 divide 441471240?
True
Does 314 divide 172776616?
True
Is 19389421 a multiple of 288?
False
Is 236074055 a multiple of 22?
False
Is 46633107 a multiple of 44?
False
Is 2030886 a multiple of 206?
False
Is 9 a factor of 5223699?
True
Does 2 divide 77180954?
True
Is 704434608 a multiple of 6756?
True
Does 27 divide 276067737?
True
Is 37784640 a multiple of 10?
True
Is 1104 a factor of 45223363?
False
Is 1304868145 a multiple of 127?
False
Is 21551975 a multiple of 31?
True
Does 512 divide 2398390771?
False
Is 29809590 a multiple of 30?
True
Is 21769528 a multiple of 5?
False
Does 25 divide 2954325100?
True
Does 199 divide 14420842?
False
Is 73 a factor of 67778237?
True
Is 86 a factor of 393426694?
True
Does 14 divide 538187398?
True
Is 313 a factor of 8495759?
True
Is 79 a factor of 154688154?
False
Does 233 divide 18879924?
False
Does 33 divide 3110052?
True
Does 15 divide 22689630?
True
Is 105579970 a multiple of 2270?
True
Does 19 divide 108576214?
False
Is 9772587 a multiple of 8?
False
Is 485 a factor of 24833933?
False
Does 1790 divide 130761367?
False
Is 86844758 a multiple of 26?
True
Does 1663 divide 1068119955?
True
Is 17 a factor of 5021664?
True
Is 3968 a factor of 114191104?
True
Is 2090145 a multiple of 168?
False
Is 144473110 a multiple of 1195?
True
Is 237 a factor of 109307955?
True
Is 326603250 a multiple of 25?
True
Is 4624 a factor of 96975361?
False
Does 11 divide 2863088844?
True
Is 56309996 a multiple of 4296?
False
Is 11 a factor of 8745044?
True
Is 92 a factor of 17276248?
False
Is 277969852 a multiple of 737?
False
Does 499 divide 19037355?
False
Is 16919978 a multiple of 68?
False
Is 21 a factor of 214369346?
False
Is 20476000 a multiple of 100?
True
Is 15062616 a multiple of 72?
True
Does 1847 divide 188621181?
True
Is 686879117 a multiple of 501?
False
Is 892 a factor of 31504202?
False
Does 847 divide 2503650955?
False
Is 460431834 a multiple of 14?
False
Does 320 divide 175953128?
False
Is 474 a factor of 1019574?
True
Is 27 a factor of 899191017?
True
Does 61 divide 9572908?
False
Is 5 a factor of 281953022?
False
Is 34372458 a multiple of 249?
True
Does 4 divide 3612557?
False
Is 3854730385 a multiple of 11?
True
Is 301714338 a multiple of 142?
False
Is 1268140470 a multiple of 6?
True
Is 58 a factor of 51228255?
False
Is 11 a factor of 24297801?
True
Does 5 divide 337162848?
False
Is 658568029 a multiple of 2719?
False
Does 179 divide 11806870?
False
Is 308445479 a multiple of 23?
True
Is 10 a factor of 19591347?
False
Is 756831579 a multiple of 133?
True
Is 834228175 a multiple of 583?
False
Is 123 a factor of 1784650176?
False
Does 1132 divide 53532280?
True
Is 1156 a factor of 28264200?
True
Is 205 a factor of 60307546?
False
Does 39 divide 89583273?
True
Is 507798591 a multiple of 288?
False
Does 3883 divide 4113589391?
False
Does 35 divide 479893946?
False
Is 315 a factor of 26527095?
True
Is 10 a factor of 803519454?
False
Is 525908236 a multiple of 188?
False
Is 4739 a factor of 767679151?
False
Is 85 a factor of 1124045440?
True
Does 4 divide 21775371?
False
Does 8343 divide 1146887181?
True
Is 929902080 a multiple of 21?
False
Is 77 a factor of 29418928?
True
Is 11173470 a multiple of 6?
True
Is 2767 a factor of 3094302376?
False
Does 589 divide 47524812?
False
Does 227 divide 24123290?
True
Is 653403101 a multiple of 10?
False
Is 72 a factor of 15374016?
True
Does 4051 divide 79671017?
True
Does 2673 divide 415833751?
False
Does 9 divide 2567968542?
True
Is 656 a factor of 632152432?
True
Is 63 a factor of 549377514?
True
Is 1136516680 a multiple of 2830?
True
Is 20553820 a multiple of 418?
False
Is 7 a factor of 1278501140?
True
Is 14616063 a multiple of 1127?
True
Is 610706237 a multiple of 294?
False
Is 453500880 a multiple of 2058?
True
Is 102 a factor of 871988492?
False
Is 779 a factor of 60855181?
False
Is 108835300 a multiple of 1810?
True
Is 87 a factor of 315119481?
True
Is 77202776 a multiple of 532?
True
Does 28 divide 97802745?
False
Does 285 divide 7328490?
True
Is 4 a factor of 555184462?
False
Is 268659921 a multiple of 1925?
False
Does 2166 divide 21603684?
True
Does 500 divide 309993215?
False
Is 1801376812 a multiple of 544?
False
Does 1812 divide 658821950?
False
Is 10 a factor of 79119024?
False
Does 203 divide 49822699?
False
Is 346 a factor of 533234580?
False
Is 498132789 a multiple of 3647?
True
Does 390 divide 28093637?
False
Does 266 divide 140083580?
True
Does 2224 divide 163512928?
True
Does 13 divide 1048982675?
True
Is 30676573 a multiple of 189?
False
Does 288 divide 968591744?
False
Does 747 divide 501638139?
True
Does 87 divide 60351204?
True
Does 313 divide 29254545?
True
Is 376 a factor of 4383932797?
False
Is 475394238 a multiple of 54?
True
Does 87 divide 14700129?
True
Does 3 divide 7746360?
True
Is 19 a factor of 379142293?
False
Does 1747 divide 42139387?
True
Is 1521 a factor of 102879572?
False
Does 47 divide 85552596?
True
Is 81 a factor of 38473947?
True
Does 310 divide 1754174060?
True
Is 157557347 a multiple of 8?
False
Is 10 a factor of 140252488?
False
Does 132 divide 1267733251?
False
Is 238 a factor of 227458737?
False
Does 2867 divide 124952461?
True
Is 1440634248 a multiple of 517?
False
Is 844788986 a multiple of 593?
True
Is 4 a factor of 9578894?
False
Is 55 a factor of 74008605?
True
Does 384 divide 15575875?
False
Is 106 a factor of 74653415?
False
Does 102 divide 223216664?
False
Is 540725458 a multiple of 26?
True
Does 3 divide 439657180?
False
Is 14376054 a multiple of 222?
True
Does 11 divide 324661348?
True
Is 23 a factor of 54269880?
True
Is 10984141 a multiple of 127?
False
Does 6 divide 102623245?
False
Is 3841703010 a multiple of 1530?
True
Is 26 a factor of 139410622?
True
Does 16 divide 44047168?
True
Does 5436 divide 2001558891?
False
Is 5595 a factor of 885477269?
False
Does 19 divide 1721832814?
False
Is 2 a factor of 597267870?
True
Is 179 a factor of 3308636?
True
Does 720 divide 2308234002?
False
Is 774 a factor of 423392706?
True
Is 86199714 a multiple of 111?
True
Is 95059679 a multiple of 602?
False
Is 23307680 a multiple of 164?
True
Is 162 a factor of 49987854?
True
Is 38685838 a multiple of 4?
False
Does 89 divide 2048433924?
False
Is 4061107557 a multiple of 351?
True
Is 5400230 a multiple of 121?
True
Is 4269 a factor of 144809045?
False
Does 3457 divide 758344805?
True
Is 1330 a factor of 1281129207?
False
Does 39 divide 55264794?
True
Does 10149 divide 3513989760?
True
Is 81 a factor of 790054803?
True
Does 4790 divide 1356408250?
True
Is 36353384 a multiple of 1422?
False
Is 7 a factor of 226947672?
True
Does 6 divide 79970778?
True
Is 273286132 a multiple of 98?
True
Does 12 divide 6212231?
False
Is 2 a factor of 66540129?
False
Is 6794 a factor of 971976816?
True
Is 3704870376 a multiple of 36?
True
Does 11 divide 1179500?
False
Is 318 a factor of 264347610?
False
Is 381431548 a multiple of 1244?
True
Is 4518 a factor of 6326334018?
True
Is 245579600 a multiple of 25?
